-2*g**2 + 3*g - 3. Let j(p) = -p**2 + 2*p - 2. Let c(m) = 3*j(m) - 2*s(m). Suppose -4*v + 8*v + 3*h = -19, 3*v + 3*h + 21 = 0. Determine c(v).
4
Let n(u) = 5*u**2 - 3*u**2 + 6 + 10*u - u**2. Let g(k) be the first derivative of -3*k**2/2 - 2*k + 38. Let b be g(2). Give n(b).
-10
Let q = -336 + 333. Let z(a) = -2*a - 25. Let w be z(-13). Let l(j) = -8*j**2 + 2*j - 6. Let b(f) = -f**2 - 1. Let h(v) = w*l(v) - 10*b(v). What is h(q)?
16
Let x(b) = b**3 - 13*b**2 - 15*b + 19. Let n(j) = -76*j**2 + 91*j - 1. Let h be n(1). Calculate x(h).
5
Let n(s) = -s**3 + 20*s**2 - 38 + 157 - 47 + 5*s - 23*s - 55. Determine n(19).
36
Let v(z) be the second derivative of z**3/3 - 13*z**2/2 + 1649*z. Suppose 2*k = 4*h - 3*k - 139, 5*h - 176 = 4*k. Suppose -4*m = -0*m - h. Give v(m).
5
Let x(k) = -k**3 - 2*k**2 - 2. Let p(q) = -q**3 - 3*q**2 - 1. Let o be (16/(-6))/(1 + 10/(-6)). Let s(w) = o*x(w) - 5*p(w). Calculate s(-7).
-3
Let d(x) = 1 + 7433420*x**2 - 2*x**3 - 12*x + 7 - 7433408*x**2. Determine d(5).
-2
Let i(y) = -5*y**2 + 4. Suppose -3*s + 34 = -20*s. Let m(h) = 6*h**2 + h - 4. Let u(n) = s*m(n) - 3*i(n). Give u(3).
17
Let l(s) = 24*s**2 - 5*s - 36*s**2 - 16*s**2 + s**2 + 6. Give l(1).
-26
Let q be ((-6)/(-11))/((-7)/(-77)). Suppose 2*k - q*k = -16, 0 = -3*r - 5*k + 44. Let g(c) = -c**3 + 8*c**2 - c + 4. Give g(r).
-4
Let o(x) = -4*x + 5*x - 287 + 291. Suppose 2*b - 2*p - 87 = 3*p, 5*p + 36 = b. Let w = -44 + b. Calculate o(w).
11
Let u(s) = s**3 + 3*s**2 - 3*s - 2. Suppose -12 = -0*t - 3*t + 5*a, -15 = -t - 2*a. Suppose c + t = 5. Give u(c).
-6
Suppose 0 = -4*a - 50*a. Let j(x) = 3*x**2 + 2. Calculate j(a).
2
Let l(z) = -3*z - 6. Let k = -820 - -1633. Let r = 810 - k. Calculate l(r).
3
Let t(c) = 256*c - 285. Let v(l) = 472*l - 573. Let a(o) = -7*t(o) + 4*v(o). Calculate a(3).
-9
Let k(z) = z. Let h(x) = -x**3 + 4*x**2 + 4. Let w(u) = h(u) + 4*k(u). Let f = -2414 + 2418. Give w(f).
20
Let i(l) be the first derivative of -2*l**3/3 - l**2 - 3*l - 9. Let x(c) = -c**3 + 43*c**2 - 80*c + 41. Let w be x(41). Let o = 121 - w. Determine i(o).
-7
Let y(g) = -g**2 - 24*g - 70. Let l be (-18 + -2)*(-6 - -7). Determine y(l).
10
Let m(x) be the second derivative of 141*x + 0 - 1/6*x**3 - 1/2*x**2. Let h be 2/((6/5)/(-3)). Give m(h).
4
Let x(q) = -q**2 - 5*q - 3. Let r be 2/(-20)*-66 - 6/(-15). Suppose -r*l + 10 = -11. Suppose l*v + 34 - 16 = 0. Give x(v).
-9
Let p = -291 + 309. Let c(l) = 3*l - 27. Give c(p).
27
Let z = -89 + 91. Let a(y) = -8*y + 6*y + z*y - 7 + 0*y - 2*y. Calculate a(-3).
-1
Let n(r) = -2*r**3 - 15*r**2 - 24*r + 16. Let y(b) = -5*b**3 - 31*b**2 - 52*b + 31. Let d(s) = -9*n(s) + 4*y(s). Give d(6).
-8
Let f(w) be the second derivative of -w**5/20 + 5*w**4/12 + w**3/2 - 8*w**2 - 4187*w. What is f(5)?
-1
Let n(m) = m**3 + 10*m**2 + 15*m + 5. Let s be n(-6). Let t = s - 54. Let g(b) = -b**3 + 55*b - 22*b + 7*b**2 - 22*b - 18*b + 6. What is g(t)?
21
Let y(r) = 6*r - 3*r - 5*r + 4. Suppose 18*t - 253 + 145 = 0. Determine y(t).
-8
Let f(g) be the second derivative of -g**3/6 + 15*g**2/2 + 1684*g. Calculate f(15).
0
Let n(d) = 9 + d**2 - 11*d + 3*d - d. Let w = -60367 + 60374. Calculate n(w).
-5
Let n = 81 - 82. Let m(s) be the second derivative of 11*s**5/10 - 110*s. Give m(n).
-22
Let u(x) = 18*x**2 + 5*x - 7. Let j(o) = -o**2 - 2*o + 2. Let g(r) = 3*j(r) + u(r). Let h be 54/99 - 51/33. Determine g(h).
15
Let i(j) be the first derivative of 75 + 1/2*j**2 + 4*j. Give i(-12).
-8
Let i(v) = -v**2 - 15*v - 50. Let o be -9 + 8/4*(-4 - -3). Calculate i(o).
-6
Let j(k) = -5*k**2 + 2*k + 2. Let l = 58 - 56. Let x(c) = -l*c + 6 + 0*c + 3 + 1. Let s be x(6). What is j(s)?
-22
Let t(b) = -4*b**2 + 4*b. Let q(x) = -4*x**2 + 5*x. Let g(a) = -5*q(a) + 6*t(a). Let k be -1 + 1 + (244 - (-8 + 9)). Suppose k = -8*p + 251. What is g(p)?
-5
Let m(y) = -8 + 3*y**2 + 0*y**2 + 7*y**2 + 0*y + y - 11*y**2. Let b be m(0). Let w(g) = -g**2 - 2*g + 5. Determine w(b).
-43
Let r(z) = z + 119*z**3 + 0 + 4*z**2 - 2 - 118*z**3. Let a be (-1 + 5)/(13/13). Suppose k + a - 1 = 0. Calculate r(k).
4
Let y(r) = 12*r + 52. Let g(a) = -a + 3. Let f(k) = -3*g(k) - y(k). Determine f(-9).
20
Suppose -m = -3*z + 11, 11*z = 8*z - 3*m - 9. Let a(u) = -4*u + 10. Let b(t) = 5*t - 12. Let f(l) = z*b(l) + 3*a(l). What is f(6)?
-6
Let p(l) = -l + 25. Let f be p(22). Suppose f*r + 6 = 9. Let j(q) = 5*q - 5. Let b(w) = w. Let i(o) = r*j(o) - 6*b(o). Give i(-6).
1
Let d be 24/9*6/(-4). Let s be 24/(-9) - d/(-3). Let l(g) be the first derivative of -g**4/4 - 5*g**3/3 - 2*g**2 - 5*g - 4. Determine l(s).
-5
Let v(p) = p**2 + 2*p - 3. Suppose 5*z = -3*s + 5*s - 62, -3*z + 217 = 5*s. Suppose -4*j + 2*c - 180 = 0, j + c + 90 = -j. Let k = j + s. Determine v(k).
5
Let r = -418 - -139. Let t = r + 280. Let a(y) = y**3 + y**2. Determine a(t).
2
Let b(t) = -107*t - 425. Let j be b(-4). Let c(q) = -q**3 + 3*q**2 + q. What is c(j)?
3
Let y = -160 + 112. Let w = y + 44. Let m(v) = -v - 5. What is m(w)?
-1
Let v(m) = m**2 + 84*m + 1197. Let a be v(-66). Let l(g) = g**2 - 14*g + 47. Determine l(a).
2
Let u(i) = 9939*i - 82 - 9932*i - 148 - 88. Give u(44).
-10
Let k(b) = -2*b**3 + 28*b**2 + 3*b - 40. Suppose -5*a = -3*d - 45 - 4, 2*a - 2*d = 14. Give k(a).
2
Let t = 70391 + -70382. Let f(s) = -4*s + 2*s + 5*s - s**3 - 4*s + 9*s**2 + 20. Calculate f(t).
11
Let a be ((-5)/10*8)/(-1). Let n(c) be the first derivative of c**3/3 + 3*c**2/2 - 2*c - 382. Give n(a).
26
Let t = 4016 - 4004. Let r(s) = -5*s + 62. What is r(t)?
2
Let d(w) = w - 9. Suppose 7*o = 3*o + 2004. Let s = o - 498. Determine d(s).
-6
Let m(g) = 2*g**3 - 2*g**2 + 1. Let d(y) be the first derivative of -y**2 - y - 5. Let i(h) = 2*h**2 + 2*h. Let p be i(-1). Let r be d(p). Calculate m(r).
-3
Let m(c) = -17*c + 37. Let p = -29762 + 29764. Give m(p).
3
Let n(r) = -6*r + 20. Suppose 169*k = 16 + 660. What is n(k)?
-4
Suppose 2*a - 12 = y, -2*a + 5*y + 12 = -0*a. Let h(u) = -8*u - a - 10 - 509*u**2 + 508*u**2. Calculate h(-7).
-9
Let d(f) = -7*f**3 + f**2 - 8*f. Let w(z) = 4*z**2 - 13 - 23*z - 60*z**3 + 40*z**3 + 12. Let i(v) = 17*d(v) - 6*w(v). Let y = 6 + 1. Give i(y).
20
Let t(c) = -1723*c**3 - 22 + 1722*c**3 + 6*c**2 - c - 3*c + 7*c. Determine t(6).
-4
Let s(p) = 23*p + 1. Suppose 44 = -4*t - 4*w, 30*w + 3 = -3*t + 33*w. Let f(u) = -210*u - 10. Let g(v) = t*f(v) - 55*s(v). Give g(4).
-15
Let k(c) = c**2 + c. Suppose -6*b - 2*b = -b. Suppose -4*l + 1 = -2*q + 9, -3*l - 9 = b. Calculate k(q).
2
Suppose -15 - 17 = 4*g + 4*j, 0 = g + 4*j + 14. Let o(u) = -2*u**2 - 11*u + 14. What is o(g)?
8
Let x(z) = -z**3 - 22*z**2 + 23*z + 1265. Let r be x(-20). Suppose -3 - 1 = -2*o. Let k(w) = -4*w**2 - o - 3 + w**3 - 4*w - 2. Determine k(r).
-2
Let k(o) be the second derivative of -o**7/840 + o**6/90 - o**5/30 - o**4/24 - 25*o**3/6 + 33*o + 2. Let a(v) be the second derivative of k(v). What is a(4)?
-17
Let t(g) = -3*g + 5. Let n = 383 + -379. Let o be n/3 - 240/(-90). Determine t(o).
-7
Let y(u) = 3*u + 9. Let s(v) = 3*v + 8. Let r(c) = -3*s(c) + 4*y(c). Suppose -42*i + 37*i + o - 21 = 0, -5*o + 15 = -7*i. Determine r(i).
-3
Let x(t) be the third derivative of -t**4/6 - 2*t**3/3 - 1211*t**2. Calculate x(4).
-20
Let m(n) = 3 - 10 + 144459*n - 144458*n. Give m(-10).
-17
Suppose -15 = -5*m, 5*t - 6*m + 11*m - 35 = 0. Suppose 0 = -2*j - t*j - 78. Let z(x) = 3*x + 2 - 5 - 4 - 4*x. Give z(j).
6
Let i be (-2)/(3/(0 + -6)). Let u(f) = 4*f - i - 2*f - 4*f + 7*f. Let g(s) = -15*s - 761. Let a be g(-51). Determine u(a).
16
Let l(o) = -4*o + 5. Suppose -8*k - 1432 = 4584. Let d = k + 756. What is l(d)?
-11
Let d(j) = 951 - j**3 + 954 - 8*j - 1910 - 7*j**2. Let z(p) = p**2 + p + 27. Let g be z(0). Suppose -4*f - 29 = -5*t, 2*t + t = -5*f - g. What is d(f)?
7
Suppose -5*t + 4*n + 27 = 0, 5*n + 9 = 2*t - 4*t. Suppose -t*d - 45 + 36 = 0. Let c(v) = v + 1. Determine c(d).
-2
Let u(p) be the second derivative of -p**4/12 + 19*p**3/6 - 7*p**2 + 755*p. Calculate u(16).
34
Let d(s) = -4*s. Let i(c) = -2*c**3 - c**2 - c. Let a be i(-1). Let x be d(a). Let l(t) = -40337 + 0*t + 40338 + 3*t. What is l(x)?
-23
Let w(x) be the second derivative of x**5/20 - 5*x**3/3 - 5*x**2/2 + 30*x + 1. Let m be w(-3). Let g(c) = -c - 2. What is g(m)?
0
Suppose -9*u + 13 + 14 = 0. Suppose -5*r = -50 + 10. Let o(p) = 